
In base 5, what is -1210 - 3?
-1213
In base 7, what is -1263 - -5?
-1255
In base 8, what is 16170 - -4?
16174
In base 12, what is -128 + -5?
-131
In base 5, what is 11 + -10?
1
In base 9, what is 16 - 18?
-2
In base 6, what is 11 - 4?
3
In base 2, what is -111000111 + -101?
-111001100
In base 12, what is 179 - 4?
175
In base 13, what is 89 - 0?
89
In base 9, what is -2351 - -1?
-2350
In base 6, what is -2 - -410?
404
In base 8, what is -545 + -6?
-553
In base 10, what is -89 - -3?
-86
In base 7, what is 1006 + 1?
1010
In base 11, what is -133 - 3?
-136
In base 14, what is -128 - 1?
-129
In base 11, what is -30a + -1?
-310
In base 11, what is 4a + -4?
46
In base 15, what is 0 + 16?
16
In base 11, what is -97 - -13a?
53
In base 14, what is -93 - 1?
-94
In base 11, what is 1a2 - -2?
1a4
In base 6, what is -4 + 41?
33
In base 16, what is 17c + 2?
17e
In base 14, what is 18c + -3?
189
In base 10, what is -3 + -497?
-500
In base 12, what is 2 - 81?
-7b
In base 7, what is 0 + 415?
415
In base 15, what is -e4 - 2?
-e6
In base 8, what is 44 + 141?
205
In base 7, what is 6535 + -5?
6530
In base 14, what is 52 + -4?
4c
In base 2, what is 100100 - 1?
100011
In base 3, what is -1012112100 - 12?
-1012112112
In base 12, what is -3 + -177?
-17a
In base 6, what is -12 - -4040?
4024
In base 2, what is -1 + -110?
-111
In base 3, what is -1021 + 11220?
10122
In base 16, what is 19 + 10?
29
In base 8, what is -11 + 432?
421
In base 2, what is -100 - 10010?
-10110
In base 10, what is -6 - -207?
201
In base 16, what is -16 + 1e4?
1ce
In base 15, what is -3 - -91?
8d
In base 5, what is -2242 + 2?
-2240
In base 11, what is 10 + -11?
-1
In base 10, what is 12050 + 4?
12054
In base 11, what is 90 - 0?
90
In base 5, what is 0 + 1311?
1311
In base 11, what is -a0 - 5?
-a5
In base 7, what is 0 + -11521?
-11521
In base 16, what is c9 + 4?
cd
In base 4, what is 3 - 13?
-10
In base 6, what is -51055 + -1?
-51100
In base 12, what is -2 - -58?
56
In base 9, what is 400 - -1?
401
In base 6, what is 3432 + -5?
3423
In base 10, what is 65 - -33?
98
In base 14, what is -4 + -2d?
-33
In base 14, what is 0 - 1b?
-1b
In base 8, what is 710 + -11?
677
In base 14, what is 11cad + -5?
11ca8
In base 10, what is -256 + 0?
-256
In base 5, what is 42213 + 1?
42214
In base 4, what is 10 + -302?
-232
In base 9, what is 0 + -52?
-52
In base 3, what is -112 + -111?
-1000
In base 6, what is 5 + -244?
-235
In base 3, what is 0 - 2?
-2
In base 16, what is -9 - -2f0?
2e7
In base 4, what is -11 + -10120?
-10131
In base 13, what is -4 - -7?
3
In base 8, what is 1 + -47?
-46
In base 15, what is 3 - 17?
-14
In base 16, what is -251 - -5?
-24c
In base 10, what is -1 + 378?
377
In base 3, what is -20010 + -12?
-20022
In base 2, what is -1110110111 + 11?
-1110110100
In base 5, what is 14323 + 10?
14333
In base 7, what is -1 + 62?
61
In base 5, what is 222 + -1?
221
In base 7, what is 0 + -615?
-615
In base 16, what is e + 37?
45
In base 16, what is -b7 - 50?
-107
In base 10, what is -9 + 6?
-3
In base 2, what is 10000 + 1000010000?
1000100000
In base 3, what is 121 - -10010?
10201
In base 4, what is 1 + 1113?
1120
In base 7, what is 46 + -2?
44
In base 15, what is -16 - 3?
-19
In base 11, what is -5 - -4?
-1
In base 3, what is 10 + -11011?
-11001
In base 14, what is 44 + -7?
3b
In base 14, what is 1 + -14b?
-14a
In base 12, what is -5 - -41a?
415
In base 7, what is -60 - 11?
-101
In base 9, what is 337 - -5?
343
In base 2, what is -1001 - 111110?
-1000111
In base 10, what is 0 + -364?
-364
In base 12, what is 11 + 2b?
40
In base 8, what is -2346 + -2?
-2350
In base 16, what is f - 301?
-2f2
In base 11, what is 30 + -2?
29
In base 6, what is -20 + -1?
-21
In base 5, what is 10334 - 11?
10323
In base 3, what is -22001 + -12?
-22020
In base 4, what is 31121 - 0?
31121
In base 4, what is -232 + -1?
-233
In base 16, what is 3b + 97?
d2
In base 5, what is -1323 + 1?
-1322
In base 10, what is -474 - -19?
-455
In base 13, what is c2 + -1?
c1
In base 16, what is 11 - 44?
-33
In base 11, what is 2 + 24?
26
In base 7, what is 6 + -1?
5
In base 11, what is -3 + 82?
7a
In base 2, what is 1001 - 1001010?
-1000001
In base 16, what is 6 + -561?
-55b
In base 13, what is -4c - -16?
-36
In base 16, what is -5 + 0?
-5
In base 5, what is -42 + 10?
-32
In base 10, what is -441 + 4?
-437
In base 2, what is 110 + 100100101110?
100100110100
In base 15, what is -18 + 37?
1e
In base 14, what is -5 - 18c?
-193
In base 3, what is -211222220 + -2?
-211222222
In base 5, what is 4 - -1014?
1023
In base 15, what is -26 + -11?
-37
In base 3, what is -100112201 + 11?
-100112120
In base 10, what is -687 - -2?
-685
In base 7, what is 52 - 111?
-26
In base 14, what is -4 + -4c?
-52
In base 12, what is 136 + 1?
137
In base 13, what is 16 + a9?
c2
In base 7, what is -113 + -645?
-1061
In base 15, what is 12b + -1?
12a
In base 7, what is -303 - -3?
-300
In base 11, what is -1041 - -4?
-1038
In base 8, what is 1534 - -15?
1551
In base 10, what is 4 - -538?
542
In base 2, what is -1 + -10010000001010?
-10010000001011
In base 13, what is -8 + 56?
4b
In base 16, what is 8 - d?
-5
In base 9, what is -7247 + -2?
-7250
In base 3, what is 2 + 111202?
111211
In base 11, what is 3 - -175?
178
In base 15, what is 114 - -1?
115
In base 12, what is -5b - 5?
-64
In base 6, what is -23 - 104?
-131
In base 14, what is 7 + 22?
29
In base 2, what is -11100 + -10?
-11110
In base 5, what is -112224 + -3?
-112232
In base 14, what is -a - c4?
-d0
In base 15, what is ab - 3?
a8
In base 8, what is 42 + -3?
37
In base 11, what is 5a9a + -4?
5a96
In base 5, what is -24 - -13?
-11
In base 16, what is 0 - -322?
322
In base 9, what is -2 - -48?
46
In base 14, what is -3 - 32?
-35
In base 12, what is 14 + -4?
10
In base 16, what is 56d0 + 0?
56d0
In base 15, what is -61d + 5?
-618
In base 4, what is -32123 - 2?
-32131
In base 14, what is -869 + -4?
-86d
In base 6, what is -15 - 50?
-105
In base 10, what is -83 - 16?
-99
In base 13, what is -1 - c4?
-c5
In base 5, what is 2 + 1112?
1114
In base 12, what is -4 - -8b?
87
In base 16, what is -4e - d?
-5b
In base 12, what is -11b - a?
-129
In base 12, what is -1 + -4484?
-4485
In base 16, what is -3 - -1b3?
1b0
In base 16, what is -c + 77?
6b
In base 2, what is 1 - -1000101?
1000110
In base 13, what is a39 - 13?
a26
In base 7, what is -603 + 2?
-601
In base 2, what is -100111110 + -10?
-101000000
In base 7, what is -1 - 104?
-105
In base 2, what is 11011101 - -1?
11011110
In base 11, what is 4 - -252?
256
In base 5, what is 41010 + -31?
40424
In base 15, what is 47 - 5?
42
In base 14, what is -1c - -6?
-16
In base 14, what is 1d8 + 22?
21a
In base 7, what is -4 + 25?
21
In base 12, what is 1 + 526?
527
In base 12, what is -140 - 4?
-144
In base 7, what is 0 + -42?
-42
In base 8, what is 242 + -17?
223
In base 5, what is 32 - 113?
-31
In base 2, what is 1 + -1010110?
-1010101
In base 14, what is -1308 + -5?
-130d
In base 8, what is 3 - 436?
-433
In base 4, what is 201 - 1312?
-1111
In base 6, what is 24 - -121?
145
In base 15, what is a + -81?
-76
In base 14, what is -13 - 2?
-15
In base 7, what is -2010 - -1?
-2006
In base 15, what is -5 - 14?
-19
In base 13, what is -5 - 160?
-165
In base 2, what is 100110 - -1001?
101111
In base 8, what is -7 + -1424?
-1433
In base 10, what is 17 - 1317?
-1300
In base 12, what is 45 - -39?
82
In base 7, what is 1 - -25?
26
In base 15, what is -2 + -205?
-207
In base 13, what is 0 + c?
c
In base 10, what is 1 - -155?
156
In base 5, what is 11000 - 4?
10441
In base 15, what is -3 + 83?
80
In base 13, what is 9b3 + -4?
9ac
In base 8, what is -37 + -36?
-75
In base 5, what is 3 + 1320?
1323
In base 6, what is -1 - -3?
2
In base 3, what is 21 + 100100?
100121
In base 4, what is 1 + -201?
-200
In base 13, what is 434b - -5?
4353
In base 2, what is 1 + 101101?
101110
In base 8, what is -263 - 4?
-267
In base 4, what is 10 + 1021?
1031
In base 8, what is 26 - 6?
20
In base 4, what is -2102 - 1121?
-3223
In base 2, what is 10011111100111 + -10?
10011111100101
In base 15, what is a + -65?
-5a
In base 10, what is 5 + -1388?
-1383
In base 3, what is 221021 - -20?
221111
In base 9, what is 23 - -242?
265
In base 15, what is 0 - -3?
3
In base 12, what is -5 + -1088?
-1091
In base 4, what is 131 + -103?
